) = -778*l - 865. Calculate d(4).
-3977
Let t(a) = -a**3 + 25*a**2 + 3*a + 223. What is t(25)?
298
Let j(l) = -706*l + 56352. Give j(80).
-128
Let h(c) = 21430*c - 64312. Give h(3).
-22
Let t(c) = 22*c**2 + 241*c - 2773. Determine t(-18).
17
Let c(i) = i**3 - 21*i**2 - 275*i - 76. Give c(30).
-226
Let j(d) = -299*d**3 - 77*d + 77. Calculate j(1).
-299
Let h(x) = -28*x**2 + 2894*x + 1682. Determine h(104).
-190
Let v(f) = -33*f + 3366. Determine v(144).
-1386
Let d(k) = -120672*k - 965369. Determine d(-8).
7
Let k(g) = -7*g**2 + 59585*g + 238444. Determine k(-4).
-8
Let m(d) = -12*d**3 - 8*d**2 + 475*d - 1880. Calculate m(4).
-876
Let u(w) = 407*w**2 + 400894*w - 993. Determine u(-985).
-8
Let q(f) = 11535*f - 865119. Give q(75).
6
Let m(a) = -588*a**2 - 10552*a + 37736. Calculate m(-21).
20
Let c(k) = -2*k**3 + 12*k**2 - 1358*k + 9429. What is c(7)?
-175
Let o(n) = n**3 - 164*n**2 + 626*n + 2765. Calculate o(160).
525
Let c(z) = -20*z**2 - 2375*z - 1849. Calculate c(-118).
-79
Let k(h) = 106*h + 1484. Give k(-17).
-318
Let l(o) = -35*o**3 + 320*o**2 - 3*o - 384. Determine l(9).
-6
Let i(l) = -2*l**3 - 51*l**2 + 234*l - 3263. Give i(-31).
54
Let d(j) = 11*j**3 - 108*j**2 + 161*j + 15. What is d(2)?
-7
Let u(l) = -2*l**2 - 35608*l - 35611. What is u(-1)?
-5
Let s(f) = -25*f**2 + 1257*f - 12859. Determine s(36).
-7
Let m(n) = 13*n - 1096. Calculate m(85).
9
Let f(j) = -8*j**2 - 411*j + 1624. Determine f(4).
-148
Let g(r) = r**3 - 19*r**2 - 201*r + 900. What is g(-10)?
10
Let c(h) = 29*h**2 - 475*h + 1413. What is c(3)?
249
Let w(k) = 4*k**2 - 49*k + 323. Calculate w(8).
187
Let x(p) = -35*p**2 + 820*p + 10204. What is x(-9)?
-11
Let p(n) = 58082*n - 13242696. Give p(228).
0
Let d(x) = -x**3 + 20*x**2 - 6*x + 71. Calculate d(18).
611
Let b(o) = -827*o + 11215. Calculate b(14).
-363
Let l(a) = 8*a**3 + 4914*a**2 + 1249*a + 12870. Give l(-614).
-24
Let o(z) = -2*z**2 - 3292*z - 48980. What is o(-15)?
-50
Let g(n) = 923*n + 126402. Determine g(-137).
-49
Let i(c) = 2*c**3 + 3755*c**2 - 408*c + 2760655. Determine i(-1878).
-5
Let b(w) = 5297*w - 10859. Give b(2).
-265
Let z(m) = -361543*m + 5061592. Give z(14).
-10
Let x(z) = -3*z**3 - 2*z**2 - 35*z - 45. Calculate x(-7).
1131
Let g(j) = -26*j**2 + 341*j + 312. What is g(14)?
-10
Let c(m) = -2191*m - 403159. Determine c(-184).
-15
Let u(v) = v**2 + 79418*v + 873522. What is u(-11)?
45
Let v(q) = -25376*q + 964283. Calculate v(38).
-5
Let m(v) = -30*v**2 - 1459*v + 539. Calculate m(-49).
0
Let c(p) = -10*p**3 - 92*p**2 - 15*p + 2. Give c(-9).
-25
Let n(c) = 302601*c - 1513006. Determine n(5).
-1
Let z(b) = 6698*b + 46869. Calculate z(-7).
-17
Let p(v) = -4457*v + 133714. What is p(30)?
4
Let k(l) = -l**2 + 1634*l - 77652. What is k(49)?
13
Let u(f) = 727*f + 169. Give u(0).
169
Let z(a) = 4441*a + 2016214. Calculate z(-454).
0
Let u(d) = 142*d**2 + 39644*d + 7246. Calculate u(-279).
-8
Let h(y) = -y**3 - 206*y**2 - 1563*y + 124. Calculate h(-8).
-44
Let v(i) = -2*i**2 - 702*i - 29119. Calculate v(-48).
-31
Let d(n) = 8262*n - 2701667. Give d(327).
7
Let f(k) = -32*k**3 - 12*k**2 + 6*k + 13. Calculate f(-1).
27
Let d(x) = 110*x**3 - 12215*x**2 + 549*x + 669. What is d(111)?
3
Let b(t) = t**3 - 12*t**2 + 8706*t - 87050. What is b(10)?
-190
Let y(b) = 356*b - 10649. Determine y(28).
-681
Let c(o) = 2*o**2 - 2132*o + 78130. Determine c(38).
2
Let s(y) = -y**3 + 184*y**2 - 1942*y + 6737. What is s(173)?
-10
Let g(w) = 113*w**3 + 10315*w**2 + 2910*w - 115. Calculate g(-91).
67
Let x(u) = 169*u**3 + 6421*u**2 - 17*u + 906. Give x(-38).
108
Let z(c) = c**3 + 508*c**2 - 30961*c + 2190. Give z(-563).
-62
Let x(t) = 59337*t + 177927. Give x(-3).
-84
Let b(l) = 192*l**2 - 7071*l - 58907. Determine b(-7).
-2
Let r(o) = -o**3 + 278*o**2 + o + 178. What is r(278)?
456
Let j(g) = -54951*g - 109890. Determine j(-2).
12
Let h(c) = 2*c**3 - 216*c**2 + 3507*c + 259. Give h(20).
-1
Let w(u) = -12*u**2 - 216*u - 48. Give w(-18).
-48
Let o(z) = -2*z**2 + 115*z + 76. What is o(40)?
1476
Let w(p) = 48*p**3 - 150*p**2 + 60*p - 168. What is w(3)?
-42
Let b(z) = -16*z**2 - 471*z - 514. Determine b(-30).
-784
Let d(a) = -2904*a - 151147. Give d(-52).
-139
Let b(x) = -x**3 - 191*x**2 + 13*x + 38901. What is b(-190)?
331
Let x(q) = q**2 - 1075*q + 18887. Determine x(18).
-139
Let b(m) = 47*m**2 + 457*m - 4. Calculate b(-7).
-900
Let h(q) = 165314*q - 6943211. Calculate h(42).
-23
Let a(j) = -j**3 - 253*j**2 + 2631*j - 675. What is a(-263)?
-938
Let o(p) = -2*p**3 - 550*p**2 + 1657*p - 3108. What is o(-278)?
-50
Let o(p) = 27*p**3 - 10*p**2 + 78*p + 294. Determine o(-3).
-759
Let n(z) = 1441*z**2 + 240646*z - 178. Determine n(-167).
-11
Let v(b) = -4*b**3 + 401*b**2 - 116*b + 107. Give v(100).
-1493
Let h(w) = 5*w**2 - 165*w - 49. Determine h(36).
491
Let j(f) = 13*f**2 - 6*f + 90. Calculate j(5).
385
Let f(h) = -h**2 - 3954*h - 290855. Determine f(-75).
70
Let f(i) = 949*i - 19185. What is f(21)?
744
Let i(z) = -z**2 - 203629*z - 3257803. Calculate i(-16).
5
Let w(a) = -195*a - 15187. Give w(-79).
218
Let i(b) = -22*b**3 - 229*b**2 - 282*b - 17. Give i(-9).
10
Let o(f) = -3*f**2 - 789*f - 19731. Give o(-28).
9
Let r(b) = 33*b**2 - 767*b + 3121. Calculate r(18).
7
Let v(h) = -19*h**2 - 91*h - 190. Determine v(-2).
-84
Let v(r) = -6*r**2 - 5*r + 1009. Give v(-22).
-1785
Let u(v) = 61*v**2 + 1343*v + 6841. What is u(-8)?
1
Let b(r) = -r**2 + 159*r - 4172. Give b(37).
342
Let r(x) = -9*x - 3022. What is r(-331)?
-43
Let p(s) = -133931*s - 1339333. Calculate p(-10).
-23
Let b(q) = 2*q**3 - 400*q**2 - 558*q - 50492. Give b(202).
8
Let m(n) = -9*n**3 + 11408*n**2 - 45496*n + 29. Calculate m(4).
-3
Let d(p) = 5*p**3 + 260*p**2 - 20434*p + 391. Give d(43).
4
Let z(w) = w**3 - 15*w**2 - 452*w + 173. Calculate z(30).
113
Let r(z) = z**3 - 238*z**2 - 63*z + 15066. What is r(238)?
72
Let s(f) = f**3 - 77*f**2 + 81*f + 18. What is s(76)?
398
Let f(i) = -i**3 - 2477*i**2 - 7752*i - 999. What is f(-3)?
-9
Let r(d) = -d**3 - 382*d**2 + 756*d - 4559. Determine r(-384).
49
Let o(k) = -363*k**2 - 4717*k. Determine o(-13).
-26
Let c(a) = a**3 - 105*a**2 - 3259*a + 1909. Determine c(130).
739
Let d(n) = 3*n**2 - 3016*n + 376382. What is d(146)?
-6
Let u(t) = 109*t + 3503. Determine u(-32).
15
Let c(g) = -419*g**2 - 50244*g + 4364. Give c(-120).
44
Let h(s) = 35285*s - 70619. Determine h(2).
-49
Let h(d) = 8118*d + 106519. What is h(-13)?
985
Let b(y) = y**2 - 4860*y + 410567. Determine b(86).
3
Let p(r) = -22*r**2 - 1001*r - 537. Give p(-45).
-42
Let q(d) = -78212*d + 20100478. Calculate q(257).
-6
Let l(y) = -14053*y + 1812856. Give l(129).
19
Let t(s) = s**2 - 113*s + 2050. What is t(90)?
-20
Let l(n) = 2*n**3 + 45*n**2 - 22*n - 70. Give l(-22).
898
Let q(c) = -2161*c + 41034. Determine q(19).
-25
Let o(f) = -7331*f - 1400223. Give o(-191).
-2
Let w(x) = 3*x**3 + 1053*x**2 - 2074*x + 15681. Give w(-353).
149
Let w(x) = -15754*x - 141144. Calculate w(-9).
642
Let r(d) = 64999*d - 1429960. What is r(22)?
18
Let b(h) = h**2 + 2767*h + 106386. Calculate b(-39).
-6
Let h(c) = 3*c**3 - 276*c**2 - 833*c + 26. Determine h(-3).
-40
Let d(i) = 4993*i + 99845. Determine d(-20).
-15
Let p(y) = -3*y**2 + 13*y - 174. What is p(-15)?
-1044
Let p(m) = 4*m**3 + 230*m**2 + 438*m + 32104. Determine p(-58).
-28
Let d(i) = -i**3 - 43*i**2 - 190*i - 217. Give d(-3).
-7
Let c(x) = 9*x**2 - 21*x - 1208. Determine c(-15).
1132
Let l(g) = -g**3 - 36*g**2 + 10*g + 368. Give l(-36).
8
Let p(f) = 403*f**3 + 2*f**2 + 35*f + 36. Give p(-1).
-400
Let m(x) = -x**3 - 226*x**2 - 2963*x + 1679. Give m(-212).
619
Let c(z) = z**2 + 158*z - 6307. Calculate c(-186).
-1099
Let k(p) = 15*p**3 + 8398*p**2 - 908*p + 118715. Determine k(-560).
-5
Let h(o) = -15*o**2 + 559*o - 380. Determine h(32).
2148
Let i(r) = 47*r**2 - 10663*r - 1357. Give i(227).
5
Let u(w) = 6549*w - 170245. Give u(26).
29
Let l(w) = 169*w - 25534. Determine l(151).
-15
Let g(s) = s**2 - 3647*s + 306424. Determine g(86).
178
Let p(h) = -137*h + 2662. Calculate p(21).
-215
Let a(m) = 1065*m**2 + 24494*m + 6. Determine a(-23).
29
Let d(l) = 3*l**3 + 283*l**2 - 178*l + 1141. Give d(-95).
1
Let u(l) = 88*l**2 + 30*l. Determine u(-1).
58
Let q(k) = k**3 + 46*k**2 + 63*k + 2766. Determine q(-46).
-132
Let j(u) = -5*u**3 + 10